 98 a factor of 484?
False
Is 13206 a multiple of 35?
False
Is 30 a factor of 490?
False
Is 4 a factor of 7881?
False
Does 21 divide 22638?
True
Is 17520 a multiple of 48?
True
Is 30 a factor of 68267?
False
Does 10 divide 150?
True
Does 6 divide 390?
True
Does 2 divide 64?
True
Is 2060 a multiple of 4?
True
Is 208 a multiple of 21?
False
Is 47697 a multiple of 39?
True
Does 58 divide 1624?
True
Is 59 a factor of 84095?
False
Does 14 divide 23982?
True
Is 3 a factor of 126?
True
Is 27 a factor of 5071?
False
Does 41 divide 1537?
False
Does 17 divide 136?
True
Is 24407 a multiple of 84?
False
Does 9 divide 342?
True
Does 2 divide 14380?
True
Does 49 divide 897?
False
Is 5400 a multiple of 225?
True
Is 608 a multiple of 19?
True
Is 432 a multiple of 14?
False
Is 25 a factor of 40218?
False
Is 36 a factor of 20494?
False
Is 14 a factor of 274?
False
Is 24 a factor of 12504?
True
Is 29 a factor of 10774?
False
Is 2688 a multiple of 32?
True
Is 309 a multiple of 3?
True
Does 81 divide 2025?
True
Does 2 divide 67?
False
Does 10 divide 2684?
False
Does 17 divide 272?
True
Does 22 divide 6974?
True
Does 21 divide 189?
True
Is 28 a factor of 1576?
False
Is 1726 a multiple of 23?
False
Is 10 a factor of 4989?
False
Does 13 divide 3757?
True
Does 71 divide 9560?
False
Is 577 a multiple of 4?
False
Does 16 divide 16443?
False
Is 60 a factor of 8400?
True
Does 97 divide 9118?
True
Does 30 divide 6018?
False
Is 340 a multiple of 71?
False
Is 5375 a multiple of 66?
False
Does 90 divide 22392?
False
Is 2 a factor of 10?
True
Is 61083 a multiple of 54?
False
Does 73 divide 1212?
False
Is 7 a factor of 539?
True
Is 15 a factor of 585?
True
Is 21808 a multiple of 116?
True
Does 26 divide 139?
False
Is 1419 a multiple of 11?
True
Is 9 a factor of 1101?
False
Is 671 a multiple of 11?
True
Is 19 a factor of 1634?
True
Does 77 divide 539?
True
Does 13 divide 3725?
False
Is 758 a multiple of 3?
False
Is 9 a factor of 63?
True
Is 369 a multiple of 9?
True
Does 6 divide 154?
False
Is 40 a factor of 284?
False
Is 37 a factor of 1456?
False
Is 83 a factor of 4731?
True
Is 594 a multiple of 9?
True
Does 43 divide 28007?
False
Is 93 a factor of 29202?
True
Does 50 divide 16300?
True
Does 17 divide 697?
True
Is 37 a factor of 360?
False
Does 107 divide 9737?
True
Is 312 a multiple of 15?
False
Is 26 a factor of 2388?
False
Is 14 a factor of 89748?
False
Is 13448 a multiple of 8?
True
Does 9 divide 1219?
False
Does 17 divide 1196?
False
Is 4 a factor of 28?
True
Is 36 a multiple of 6?
True
Is 48888 a multiple of 24?
True
Does 24 divide 826?
False
Is 1952 a multiple of 61?
True
Does 52 divide 10835?
False
Does 12 divide 840?
True
Is 26 a factor of 7878?
True
Is 15735 a multiple of 15?
True
Is 206 a multiple of 24?
False
Is 457 a multiple of 34?
False
Is 1367 a multiple of 14?
False
Does 99 divide 384?
False
Is 13 a factor of 12815?
False
Is 142 a multiple of 23?
False
Is 29 a factor of 102?
False
Is 8 a factor of 680?
True
Is 4256 a multiple of 32?
True
Is 132 a factor of 1716?
True
Is 16 a factor of 80?
True
Does 18 divide 21348?
True
Does 5 divide 895?
True
Is 10624 a multiple of 14?
False
Does 48 divide 4149?
False
Does 14 divide 1428?
True
Is 1166 a multiple of 5?
False
Is 33858 a multiple of 11?
True
Is 13 a factor of 1290?
False
Is 6 a factor of 317?
False
Is 2758 a multiple of 2?
True
Is 78 a factor of 2655?
False
Is 2252 a multiple of 26?
False
Is 35 a multiple of 28?
False
Does 6 divide 439?
False
Is 544 a multiple of 17?
True
Does 14 divide 126?
True
Is 206 a multiple of 29?
False
Is 567 a multiple of 63?
True
Is 137 a factor of 176?
False
Is 3914 a multiple of 19?
True
Does 28 divide 1329?
False
Does 40 divide 200?
True
Is 28 a factor of 21362?
False
Is 32 a factor of 1568?
True
Is 83 a factor of 581?
True
Is 172 a factor of 47689?
False
Is 9 a factor of 54?
True
Is 4002 a multiple of 46?
True
Is 206 a factor of 71070?
True
Is 13870 a multiple of 10?
True
Is 59 a factor of 1749?
False
Is 11 a factor of 8305?
True
Does 4 divide 49269?
False
Does 9 divide 644?
False
Is 4747 a multiple of 22?
False
Does 12 divide 36624?
True
Is 19 a factor of 2249?
False
Is 1032 a multiple of 6?
True
Is 390 a multiple of 5?
True
Does 23 divide 460?
True
Does 31 divide 9885?
False
Is 18 even?
True
Is 756 a multiple of 21?
True
Is 1307 a multiple of 14?
False
Is 11 a factor of 1793?
True
Is 1528 a multiple of 45?
False
Is 1631 a multiple of 10?
False
Is 1897 a multiple of 6?
False
Is 12 a factor of 1560?
True
Does 238 divide 113064?
False
Does 291 divide 64020?
True
Is 4154 a multiple of 62?
True
Is 71 a factor of 5550?
False
Is 47 a factor of 8592?
False
Is 13 a factor of 239?
False
Is 63 a multiple of 14?
False
Is 6682 a multiple of 10?
False
Is 17 a factor of 1836?
True
Does 41 divide 48216?
True
Is 2499 a multiple of 36?
False
Does 6 divide 49?
False
Does 57 divide 1867?
False
Does 69 divide 3519?
True
Does 34 divide 42613?
False
Is 649 a multiple of 49?
False
Is 8 a factor of 12424?
True
Is 405 a multiple of 45?
True
Is 58 a factor of 32828?
True
Is 24367 a multiple of 59?
True
Is 3615 a multiple of 241?
True
Is 772 a multiple of 17?
False
Does 26 divide 418?
False
Does 154 divide 5390?
True
Is 2496 a multiple of 96?
True
Is 13 a multiple of 3?
False
Is 2360 a multiple of 5?
True
Does 80 divide 3680?
True
Does 9 divide 685?
False
Does 47 divide 44838?
True
Does 17 divide 8828?
False
Does 3 divide 567?
True
Does 26 divide 245?
False
Is 27 a factor of 613?
False
Is 9 a factor of 4491?
True
Is 7 a factor of 196?
True
Is 26 a factor of 1196?
True
Is 37001 a multiple of 126?
False
Is 243 a multiple of 11?
False
Is 6082 a multiple of 13?
False
Is 1470 a multiple of 49?
True
Is 42 a factor of 8484?
True
Is 4620 a multiple of 66?
True
Does 27 divide 802?
False
Does 30 divide 21773?
False
Is 8 a factor of 2460?
False
Is 6 a factor of 6924?
True
Does 5 divide 660?
True
Does 28 divide 56?
True
Is 2 a factor of 7?
False
Is 90 a multiple of 15?
True
Does 44 divide 20460?
True
Is 401 a multiple of 25?
False
Does 166 divide 11192?
False
Does 6 divide 4140?
True
Is 11 a factor of 25164?
False
Is 1740 a multiple of 60?
True
Is 68 a multiple of 7?
False
Is 51 a factor of 73321?
False
Does 39 divide 1028?
False
Does 46 divide 334?
False
Is 10 a factor of 252?
False
Is 13 a multiple of 7?
False
Is 14 a factor of 1066?
False
Is 3916 a multiple of 11?
True
Is 48701 a multiple of 9?
False
Is 198 a factor of 7326?
True
Does 14 divide 1647?
False
Is 4430 a multiple of 10?
True
Does 2 divide 5995?
False
Is 1537 a multiple of 28?
False
Does 16 divide 5036?
False
Is 1484 a multiple of 7?
True
Is 123949 a multiple of 77?
False
Does 24 divide 864?
True
Is 16852 a multiple of 44?
True
Does 13 divide 3029?
True
Does 2 divide 17?
False
Is 14 a factor of 51?
False
Is 13 a factor of 48464?
True
Does 3 divide 299?
False
Is 2802 a multiple of 11?
False
Does 58 divide 2656?
False
Is 3234 a multiple of 7?
True
Is 13 a factor of 130?
True
Is 9 a factor of 3908?
False
Is 28 a factor of 51044?
True
Does 85 divide 11083?
False
Does 4 divide 291?
False
Is 74 a multiple of 4?
False
Does 11 divide 1168?
False
Does 31 divide 541?
False
Is 853 a multiple of 46?
False
Does 5 divide 32972?
False
Does 35 divide 4387?
False
Is 13 a factor of 18204?
False
Is 1378 a multiple of 13?
True
Does 147 divide 55310?
False
Does 13 divide 13?
True
Does 37 divide 8140?
True
Is 6773 even?
False
Is 6697 a multiple of 37?
True
Is 482 a multiple of 45?
False
Is 30 a multiple of 3?
True
Is 755 a multiple of 7?
False
Is 22 a factor of 44?
True
Does 7 divide 78?
False
Is 7 a factor of 1107?
False
Is 983 a multiple of 66?
False
Is 131 a factor of 13740?
False
Is 45 a factor of 90?
True
Does 8 divide 15923?
False
Is 95878 a multiple of 34?
False
Does 7 divide 2147?
False
Is 42 a factor of 546?
True
Does 124 divide 24800?
True
Is 184 a multiple of 92?
True
Does 9 divide 1683?
True
Is 336 a multiple of 7?
True
Does 14 divide 7326?
False
Does 5 divide 1283?
False
Does 9 divide 1057?
False
Does 12 divide 5940?
True
Does 24 divide 28737?
False
Does 9 divide 2088?
True
Is 2 a factor of 6372?
True
Is 2519 a multiple of 62?
False
Is 30 a factor of 1219?
False
Is 113 a multiple of 15?
False
Is 11 a factor of 41470?
True
Is 6 a factor of 2642?
False
Is 26556